{"id":94356,"date":"2025-02-21T19:28:17","date_gmt":"2025-02-21T17:28:17","guid":{"rendered":"https:\/\/xn--saaristovlittj-eibeb.fi\/?post_type=kivi_item&#038;p=94356"},"modified":"2026-04-30T14:03:43","modified_gmt":"2026-04-30T12:03:43","slug":"1rkv-pargas-osterbyvagen-5","status":"publish","type":"kivi_item","link":"https:\/\/xn--saaristovlittj-eibeb.fi\/sv\/kohde\/1rkv-pargas-osterbyvagen-5\/","title":{"rendered":"1r+kv Pargas \u00d6sterbyv\u00e4gen 5"},"content":{"rendered":"<p>ETTA I BRA SKICK<br \/>\nSnygg etta p\u00e5 \u00d6sterbyv\u00e4gen 5 med en yta p\u00e5 32 m\u00b2, en bra m\u00f6jlighet f\u00f6r dig eller en investerare. Bostadens ganska ny ytor och sk\u00e5p och k\u00f6ksmaskiner i kokvr\u00e5n. L\u00e4genheten \u00e4r bel\u00e4gen p\u00e5 tredje v\u00e5ningen. L\u00e4genheten bel\u00e4gen n\u00e4ra i centrum och n\u00e4ra centralparken, som ger dig m\u00f6jlighet att njuta av n\u00e4rliggande tj\u00e4nster samt den n\u00e4rliggande centralparken d\u00e4r du kan njuta av utomhusaktiviteter. S\u00e4ljes som uthyrd.<\/p>\n","protected":false},"featured_media":102676,"menu_order":0,"template":"","class_list":["post-94356","kivi_item","type-kivi_item","status-publish","has-post-thumbnail","hentry"],"acf":[],"_links":{"self":[{"href":"https:\/\/xn--saaristovlittj-eibeb.fi\/sv\/wp-json\/wp\/v2\/kivi_item\/94356","targetHints":{"allow":["GET"]}}],"collection":[{"href":"https:\/\/xn--saaristovlittj-eibeb.fi\/sv\/wp-json\/wp\/v2\/kivi_item"}],"about":[{"href":"https:\/\/xn--saaristovlittj-eibeb.fi\/sv\/wp-json\/wp\/v2\/types\/kivi_item"}],"wp:featuredmedia":[{"embeddable":true,"href":"https:\/\/xn--saaristovlittj-eibeb.fi\/sv\/wp-json\/wp\/v2\/media\/102676"}],"wp:attachment":[{"href":"https:\/\/xn--saaristovlittj-eibeb.fi\/sv\/wp-json\/wp\/v2\/media?parent=94356"}],"curies":[{"name":"wp","href":"https:\/\/api.w.org\/{rel}","templated":true}]}}

1r+kv Pargas Österbyvägen 5

<p>ETTA I BRA SKICK<br />
Snygg etta på Österbyvägen 5 med en yta på 32 m², en bra möjlighet för dig eller en investerare. Bostadens ganska ny ytor och skåp och köksmaskiner i kokvrån. Lägenheten är belägen på tredje våningen. Lägenheten belägen nära i centrum och nära centralparken, som ger dig möjlighet att njuta av närliggande tjänster samt den närliggande centralparken där du kan njuta av utomhusaktiviteter. Säljes som uthyrd.</p>
